 u and i.
3
Let c be (0 + (-1)/2)*-6. Let i = 5 + c. Suppose -9*v = v - 20. Calculate the highest common factor of v and i.
2
Let b = -44 - -39. Let d be 8/6*(4 - b). Suppose d*y - 10*y = 40. Calculate the highest common divisor of y and 20.
20
Let p(o) be the second derivative of -3*o**3/2 + 7*o**2/2 + 6*o. Let b be p(3). Let v be (288/b)/(4/(-40)). Calculate the highest common divisor of v and 16.
16
Let f(c) be the third derivative of c**5/60 - c**4/6 + 7*c**3/6 + 2*c**2. Let q be f(6). Let g = -16 + q. Calculate the highest common divisor of g and 3.
3
Let z be (16/32)/(1/432). Suppose -16 - z = -2*b. What is the greatest common factor of 29 and b?
29
Let s = 154 - 118. Suppose 29 = -d + s. Calculate the highest common divisor of d and 77.
7
Let w(y) = 2*y + 35. Let k be w(-16). Let o be -5*k*(-33)/15. What is the highest common factor of o and 99?
33
Let y be ((-30)/(-7))/(1/7). Let j(n) = -34*n - 7. Let k be j(-4). Let x = k - 9. What is the highest common divisor of y and x?
30
Let f = -251 - -266. What is the highest common factor of f and 27?
3
Let a be (-458)/(-6) + (16/(-3) - -5). Calculate the highest common factor of a and 19.
19
Let o = -6 - -10. Suppose o*d - 30 = 6. Suppose 2*k = -t - k - 5, 3*t - d = -k. What is the highest common factor of 12 and t?
4
Suppose 6*d = -5*d + 132. What is the greatest common divisor of d and 12?
12
Suppose -169*a = -176*a + 252. What is the greatest common factor of a and 234?
18
Suppose -l + 5*q + 26 = 0, q - 130 = -5*l - 3*q. Suppose -2*c = -4*c + l. Let n(k) = 8*k - 137. Let z be n(22). What is the highest common divisor of c and z?
13
Let b(n) = -84*n + 272. Let q be b(3). Let v be ((-40)/6)/(1/(-15)). Calculate the highest common divisor of v and q.
20
Suppose -15*y + 12*y = 5*u - 162, -2*u - 2*y + 64 = 0. What is the greatest common factor of u and 594?
33
Let w be (-3 - 6/(-3))*-2. Let q = w + 16. Let o = -9 + q. Calculate the highest common factor of o and 99.
9
Let f(k) = -k**2 + 33*k - 106. Let v be f(13). Let c(h) = -15*h**3 + h. Let l be c(-1). What is the greatest common divisor of l and v?
14
Let r be 48/20*160/6. Let s = 24 + r. What is the greatest common divisor of 220 and s?
44
Let t(b) = -b**3 - 2*b**2 - 4*b + 56. Let y be t(0). What is the greatest common divisor of 8 and y?
8
Let o = 5 - -13. Suppose -11*k - 3 = -12*k. Suppose -k*f + o + 9 = 0. What is the highest common divisor of 3 and f?
3
Suppose -31 = 4*c - 67. Let y(g) = -g**3 + 2*g**2 - 3*g + 7. Let s be y(-5). Suppose -3*b + s = 62. What is the greatest common factor of c and b?
9
Let t = -323 - -603. Calculate the highest common factor of 56 and t.
56
Let x(z) = -2*z**3 + 55*z**2 - 33*z + 45. Let o be x(25). What is the greatest common divisor of 35 and o?
35
Suppose 0*w + 19 = -w - 3*i, -3*w + 8 = -4*i. Let t(v) = -4*v - 14. Let c be t(w). What is the greatest common divisor of 4 and c?
2
Suppose -21 + 133 = 2*g. Let x be -3 + 9/3 + g. Calculate the greatest common divisor of 8 and x.
8
Let q(y) = -92*y**3 + 2. Let l(p) = -p**3 + p**2 + p + 1. Let m(n) = -3*l(n) + q(n). Let s be m(-1). What is the highest common divisor of s and 11?
11
Let x = 334 - 35. Calculate the highest common divisor of x and 13.
13
Let p = 392 - 729. Let x = p - -677. What is the highest common factor of x and 34?
34
Let c = 27 + -19. What is the greatest common divisor of 20 and c?
4
Let x = 1 - -3. Let d be 8/(-60) - 64/(-30). Let v be (-1)/d + 260/8. Calculate the highest common factor of v and x.
4
Let z(j) = -j**3 + 5*j**2 + 4*j + 1. Let h be z(4). What is the highest common divisor of 363 and h?
33
Let o = 127 - 112. Calculate the greatest common factor of o and 405.
15
Let r be (217/21 + -7)*93. What is the greatest common divisor of 20 and r?
10
Suppose 4*l - 2*i = 2*i + 24, 4*l + i = 14. Suppose t + 42 = l*t. Calculate the greatest common factor of t and 7.
7
Let p(g) = -5*g + 16. Let n be p(-11). Suppose 4*q - n = i, 2*i - 13 = -3*q + 43. What is the greatest common divisor of 198 and q?
18
Let i = 3003 + -2978. Calculate the greatest common factor of i and 45.
5
Let r be (-10)/5*((-10)/4 + 1). Suppose 34 = 2*u + v, 4*u - u - r*v - 42 = 0. What is the greatest common divisor of u and 40?
8
Let o(q) = q**3 - 22*q**2 - q + 41. Let j be o(22). Suppose 0 = 2*k - 36 - 2. Calculate the greatest common factor of k and j.
19
Let h = -43 - -48. Suppose h*z - 50 = 3*g, 0 = z - 2*g - 4 - 6. Calculate the highest common divisor of z and 90.
10
Let l = -470 + 558. What is the highest common divisor of 72 and l?
8
Suppose -4*p = 4*h - 42 - 34, 4*h = 2*p - 14. Suppose -4*d + 41 = -p. Suppose 5*j - 9 = 26. Calculate the greatest common factor of d and j.
7
Let d be ((-9149)/(-35) - -3) + 4/(-10). What is the greatest common factor of d and 594?
66
Suppose 4*r = -5*c + 93, 3*r - 3*c - 1 = 35. Let b = 128 + 59. Calculate the highest common divisor of r and b.
17
Let l = 274 - 56. Suppose -l = -5*s + 4*x, 2*s - 4*x - 7 = 85. Suppose 34 = 4*c - s. Calculate the highest common divisor of c and 38.
19
Let f(n) = 12*n. Let t be f(-1). Let v be (t - 1)/(3/(-9)). Calculate the highest common factor of v and 13.
13
Let v(b) = 151*b + 910. Let l be v(-6). What is the greatest common factor of l and 196?
4
Let d(o) = 10*o**2 + 13*o + 10. Let s be d(-2). Suppose 0*n = -2*n + 48. What is the highest common factor of n and s?
24
Let x(p) = -p**2 - 4*p. Suppose 4*q = 3*o - 13, -o = 2*q - 6*o + 3. Let c be x(q). Suppose 6*m - 2*m - 224 = c. Calculate the highest common divisor of m and 8.
8
Let v = 3 - 1. Suppose -v*w - 2*d + 58 = 0, -d + 148 = 5*w + d. Calculate the greatest common divisor of w and 12.
6
Let q be ((-30)/(-25))/(6/40) + -3. Calculate the highest common divisor of 5 and q.
5
Suppose 13*o - 104 = -0. What is the greatest common divisor of o and 256?
8
Let o(l) = 22*l - 123. Let b be o(8). Calculate the greatest common divisor of b and 159.
53
Let s(u) = u**3 + u**2 + 4*u + 36. Let t be s(0). Calculate the greatest common factor of t and 8.
4
Let y(s) = -114*s - 6 + 115*s + 31. Let l be y(-8). What is the highest common divisor of 136 and l?
17
Let p = -694 + 1144. What is the highest common factor of p and 50?
50
Let o(f) = -3*f**3 + 2*f**2 + 2*f + 1. Let b be 5*10*4/8. Let k = b + -26. Let u be o(k). Calculate the highest common factor of u and 44.
4
Suppose 3*s - 4*z = -3*z - 86, 4*s = 5*z - 100. Let a = s + 38. Suppose -58 = -3*h - 22. What is the greatest common factor of h and a?
4
Let d = 12 - 9. Suppose -5*b - 47 = -3*l, -d*l - 24 + 67 = -4*b. Calculate the highest common factor of l and 9.
9
Suppose 0 = -n + 17 + 13. Let o be (-1 + 4)*-1 + (27 - -26). What is the highest common divisor of o and n?
10
Let y(t) = 22*t**2 - 2*t. Let c be y(1). Calculate the greatest common divisor of 112 and c.
4
Suppose 0 = 5*b - 31 + 1. Let a = b - 10. Let w be 6*6/(-9)*a. What is the greatest common factor of w and 64?
16
Suppose 4*l = -4*h + 1576, 0 = 9*h - 8*h - 4*l - 404. What is the greatest common factor of 24 and h?
12
Let b(r) = -8*r - 21. Let d be b(-4). Suppose -15*p + d*p + 1476 = 0. What is the highest common factor of p and 41?
41
Suppose s = -7 - 10. Let y = s - -182. Let z = -15 + y. Calculate the highest common divisor of z and 30.
30
Let q(n) = 136*n**2 + 2*n. Let g be q(-1). Let i = g - 35. Calculate the greatest common divisor of i and 9.
9
Suppose -4*d = -3*q + 30, -3*q + 45 = 2*q - 5*d. Suppose 0 = q*w + w - 315. Calculate the greatest common factor of 9 and w.
9
Suppose 286 = -k + 991. Calculate the greatest common divisor of k and 15.
15
Suppose 2*i = -i + 27. Let q(c) = c**3 + 24*c**2 + 26*c + 25. Let j be q(-23). Let g = -38 - j. What is the greatest common factor of g and i?
3
Let l(a) = 3*a - 1. Let i be l(1). Let w = 10 + -8. Suppose 4*q + 0*v - 147 = -v, -86 = -w*q + i*v. What is the greatest common divisor of 19 and q?
19
Let x be (-13)/(2*2/(-4)). Suppose 0 = -5*s + 2*m - x, 4*s - 4*m + 18 = -2. Let h be (-1)/s*(-2 - -35). What is the highest common factor of 3 and h?
3
Suppose 113*u = 117*u - 1152. Calculate the highest common factor of 18 and u.
18
Let t be -2 + 3 + -4 + 24. Let r(u) = 3*u**2 + 3*u + 3. Let y be 22/(-8) + 2/(-8). Let g be r(y). Calculate the greatest common factor of t and g.
21
Suppose 3*z + 163 = 550. Ca